{"id":2,"date":"2025-12-05T09:25:30","date_gmt":"2025-12-05T09:25:30","guid":{"rendered":"https:\/\/osnabruecker-crepes.de\/?page_id=2"},"modified":"2025-12-08T18:45:29","modified_gmt":"2025-12-08T18:45:29","slug":"datenschutz","status":"publish","type":"page","link":"https:\/\/osnabruecker-crepes.de\/index.php\/datenschutz\/","title":{"rendered":"Datenschutz"},"content":{"rendered":"\t\t<div data-elementor-type=\"wp-page\" data-elementor-id=\"2\" class=\"elementor elementor-2\">\n\t\t\t\t<div class=\"elementor-element elementor-element-4539cb3 e-flex e-con-boxed e-con e-parent\" data-id=\"4539cb3\" data-element_type=\"container\" data-settings=\"{&quot;background_background&quot;:&quot;classic&quot;}\">\n\t\t\t\t\t<div class=\"e-con-inner\">\n\t\t\t\t<div class=\"elementor-element elementor-element-a9c9777 elementor-widget elementor-widget-heading\" data-id=\"a9c9777\" data-element_type=\"widget\" data-widget_type=\"heading.default\">\n\t\t\t\t\t<h2 class=\"elementor-heading-title elementor-size-default\">Datenschutz<\/h2>\t\t\t\t<\/div>\n\t\t\t\t\t<\/div>\n\t\t\t\t<\/div>\n\t\t<div class=\"elementor-element elementor-element-318c6ccd e-flex e-con-boxed e-con e-parent\" data-id=\"318c6ccd\" data-element_type=\"container\">\n\t\t\t\t\t<div class=\"e-con-inner\">\n\t\t\t\t<div class=\"elementor-element elementor-element-78b5f57c elementor-widget elementor-widget-text-editor\" data-id=\"78b5f57c\" data-element_type=\"widget\" data-widget_type=\"text-editor.default\">\n\t\t\t\t\t\t\t\t\t<p><\/p>\n<p><strong>1. AllgemeinHinweisee\u00a0<\/strong><\/p>\n<p>Der Schutz Ihrer pers\u00f6nlichen Daten ist uns ein besonderes Anliegen. Wir behandeln Ihre personenbezogenen Daten vertraulich und entsprechend der gesetzlichen Datenschutzvorschriften sowie dieser Datenschutzerkl\u00e4rung.<\/p>\n<p>Durch die Nutzung dieser Website erkl\u00e4ren Sie sich mit der Erhebung, Verarbeitung und Nutzung von Daten gem\u00e4\u00df der nachfolgenden Beschreibung einverstanden.<\/p>\n<p>\u00a0<\/p>\n<p><strong>2. Verantwortliche Stelle<\/strong><br \/>Dirk Stellk<br \/>Zum Kronensee 9<br \/>49719 Ostercappeln<br \/>Telefon: 0541 \/ 75886<br \/>E-Mail: schrotty-os@web.de<\/p>\n<p>\u00a0<\/p>\n<p><strong>3. Zugriffsdaten \/ Server-Logfiles<\/strong><br \/>Beim Besuch dieser Website erhebt und speichert der Webserver automatisch Informationen in sogenannten Server-Logfiles, die Ihr Browser automatisch \u00fcbermittelt:<\/p>\n<p>\u2013 Browsertyp und -version<br \/>\u2013 verwendetes Betriebssystem<br \/>\u2013 Referrer URL<br \/>\u2013 Hostname des zugreifenden Rechners<br \/>\u2013 Uhrzeit der Serveranfrage<br \/>\u2013 IP-Adresse<br \/><br \/><\/p>\n<p>Diese Daten sind nicht bestimmten Personen zuordenbar. Eine Zusammenf\u00fchrung mit anderen Datenquellen erfolgt nicht.<\/p>\n<p><br \/><strong>4. Kontaktformular<\/strong><br \/>Wenn Sie uns per Formular Anfragen zukommen lassen, werden Ihre Angaben inklusive der Kontaktdaten zur Bearbeitung der Anfrage gespeichert. Diese Daten geben wir nicht ohne Ihre Einwilligung weiter.<\/p>\n<p>Das Formular l\u00e4uft serverseitig \u00fcber PHP und wird direkt an uns \u00fcbermittelt.<br \/><br \/><\/p>\n<p><strong>5. Google reCAPTCHA<\/strong><br \/>Zum Schutz vor Missbrauch verwenden wir Google reCAPTCHA (Anbieter: Google Ireland Limited). Dabei werden IP-Adresse und Nutzerdaten an Google \u00fcbermittelt.<br \/><br \/><\/p>\n<p><strong>Datenschutzinformationen:<\/strong><br \/>https:\/\/policies.google.com\/privacy<br \/>Opt-Out:<br \/>https:\/\/adssettings.google.com\/authenticated<br \/><br \/><\/p>\n<p><strong>6. Google Maps<\/strong><br \/>Diese Website nutzt Google Maps zur Anzeige interaktiver Karten. Zur Nutzung ist eine IP-\u00dcbermittlung an Google erforderlich. Dies erfolgt auf Grundlage von Art. 6 Abs. 1 lit. f DSGVO.<br \/><br \/><\/p>\n<p><strong>7. Google Fonts<\/strong><br \/>Diese Website verwendet Google Fonts, jedoch werden diese lokal eingebunden. Es erfolgt keine Verbindung zu Google-Servern.<br \/><br \/><\/p>\n<p><strong>8. Google Analytics<\/strong><br \/>Diese Website nutzt Google Analytics. Die IP-Adresse wird anonymisiert (IP-Anonymisierung). Die Datenverarbeitung erfolgt auf Basis von Art. 6 Abs. 1 lit. f DSGVO.<\/p>\n<p>Opt-Out Plugin:<br \/>https:\/\/tools.google.com\/dlpage\/gaoptout<br \/><br \/><\/p>\n<p><strong>9. Ihre Rechte<\/strong><br \/>Sie haben das Recht auf Auskunft, Berichtigung, L\u00f6schung, Einschr\u00e4nkung der Verarbeitung, Daten\u00fcbertragbarkeit und Widerspruch. Bitte wenden Sie sich hierzu an: schrotty-os@web.de<br \/><br \/><\/p>\n<p><strong>10. Beschwerderecht<\/strong><br \/>Sie haben das Recht, sich bei der zust\u00e4ndigen Datenschutzaufsicht zu beschweren:<\/p>\n<p>Die Landesbeauftragte f\u00fcr den Datenschutz Niedersachsen<br \/>Prinzenstra\u00dfe 5, 30159 Hannover<br \/>Tel.: 0511 120-4500<br \/>poststelle@lfd.niedersachsen.de<br \/>www.lfd.niedersachsen.de<br \/><br \/><\/p>\n<p><strong>11. SSL- bzw. TLS-Verschl\u00fcsselung<\/strong><br \/>Diese Seite nutzt aus Sicherheitsgr\u00fcnden eine SSL-\/TLS-Verschl\u00fcsselung, um \u00fcbermittelte Inhalte zu sch\u00fctzen.<\/p>\n<p><\/p>\t\t\t\t\t\t\t\t<\/div>\n\t\t\t\t\t<\/div>\n\t\t\t\t<\/div>\n\t\t\t\t<\/div>\n\t\t","protected":false},"excerpt":{"rendered":"<p>Datenschutz 1. AllgemeinHinweisee\u00a0 Der Schutz Ihrer pers\u00f6nlichen Daten ist uns ein besonderes Anliegen. Wir behandeln Ihre personenbezogenen Daten vertraulich und entsprechend der gesetzlichen Datenschutzvorschriften sowie dieser Datenschutzerkl\u00e4rung. Durch die Nutzung dieser Website erkl\u00e4ren Sie sich mit der Erhebung, Verarbeitung und Nutzung von Daten gem\u00e4\u00df der nachfolgenden Beschreibung einverstanden. \u00a0 2. Verantwortliche StelleDirk StellkZum Kronensee 949719 OstercappelnTelefon: 0541 \/ 75886E-Mail: schrotty-os@web.de&#8230;<\/p>\n","protected":false},"author":1,"featured_media":0,"parent":0,"menu_order":0,"comment_status":"closed","ping_status":"closed","template":"elementor_header_footer","meta":{"footnotes":""},"class_list":["post-2","page","type-page","status-publish","hentry"],"_links":{"self":[{"href":"https:\/\/osnabruecker-crepes.de\/index.php\/wp-json\/wp\/v2\/pages\/2","targetHints":{"allow":["GET"]}}],"collection":[{"href":"https:\/\/osnabruecker-crepes.de\/index.php\/wp-json\/wp\/v2\/pages"}],"about":[{"href":"https:\/\/osnabruecker-crepes.de\/index.php\/wp-json\/wp\/v2\/types\/page"}],"author":[{"embeddable":true,"href":"https:\/\/osnabruecker-crepes.de\/index.php\/wp-json\/wp\/v2\/users\/1"}],"replies":[{"embeddable":true,"href":"https:\/\/osnabruecker-crepes.de\/index.php\/wp-json\/wp\/v2\/comments?post=2"}],"version-history":[{"count":16,"href":"https:\/\/osnabruecker-crepes.de\/index.php\/wp-json\/wp\/v2\/pages\/2\/revisions"}],"predecessor-version":[{"id":662,"href":"https:\/\/osnabruecker-crepes.de\/index.php\/wp-json\/wp\/v2\/pages\/2\/revisions\/662"}],"wp:attachment":[{"href":"https:\/\/osnabruecker-crepes.de\/index.php\/wp-json\/wp\/v2\/media?parent=2"}],"curies":[{"name":"wp","href":"https:\/\/api.w.org\/{rel}","templated":true}]}}